388?
1
What is the tens digit of 924?
2
What is the units digit of 113601?
1
What is the hundreds digit of 1916?
9
What is the thousands digit of 2556?
2
What is the hundreds digit of 13551?
5
What is the hundreds digit of 1403?
4
What is the units digit of 2175?
5
What is the units digit of 1669?
9
What is the units digit of 6094?
4
What is the ten thousands digit of 30476?
3
What is the thousands digit of 33478?
3
What is the ten thousands digit of 21359?
2
What is the hundreds digit of 54405?
4
What is the units digit of 12372?
2
What is the thousands digit of 1551?
1
What is the hundreds digit of 27354?
3
What is the thousands digit of 8413?
8
What is the tens digit of 35361?
6
What is the tens digit of 101182?
8
What is the ten thousands digit of 83699?
8
What is the tens digit of 2502?
0
What is the tens digit of 2940?
4
What is the hundred thousands digit of 185117?
1
What is the thousands digit of 20253?
0
What is the tens digit of 5066?
6
What is the hundreds digit of 12121?
1
What is the hundreds digit of 5746?
7
What is the units digit of 1168?
8
What is the hundreds digit of 70697?
6
What is the units digit of 380?
0
What is the tens digit of 891?
9
What is the tens digit of 853?
5
What is the tens digit of 38965?
6
What is the tens digit of 44669?
6
What is the tens digit of 5048?
4
What is the tens digit of 184?
8
What is the hundreds digit of 12722?
7
What is the hundreds digit of 2563?
5
What is the thousands digit of 8767?
8
What is the units digit of 936?
6
What is the tens digit of 76177?
7
What is the tens digit of 58795?
9
What is the units digit of 5945?
5
What is the thousands digit of 1154?
1
What is the thousands digit of 2046?
2
What is the tens digit of 8590?
9
What is the ten thousands digit of 50792?
5
What is the thousands digit of 69321?
9
What is the tens digit of 11624?
2
What is the hundreds digit of 26299?
2
What is the ten thousands digit of 12193?
1
What is the units digit of 15859?
9
What is the ten thousands digit of 34859?
3
What is the tens digit of 9935?
3
What is the thousands digit of 30379?
0
What is the units digit of 13589?
9
What is the tens digit of 43?
4
What is the hundreds digit of 311?
3
What is the units digit of 3239?
9
What is the hundreds digit of 103688?
6
What is the tens digit of 1310?
1
What is the units digit of 2105?
5
What is the thousands digit of 7089?
7
What is the hundreds digit of 471?
4
What is the tens digit of 8645?
4
What is the tens digit of 30473?
7
What is the ten thousands digit of 18616?
1
What is the hundreds digit of 1054?
0
What is the ten thousands digit of 36711?
3
What is the thousands digit of 15181?
5
What is the units digit of 60660?
0
What is the thousands digit of 14436?
4
What is the tens digit of 19006?
0
What is the tens digit of 1474?
7
What is the thousands digit of 3069?
3
What is the hundreds digit of 245?
2
What is the thousands digit of 18099?
8
What is the thousands digit of 8941?
8
What is the tens digit of 2224?
2
What is the units digit of 379?
9
What is the hundreds digit of 1036?
0
What is the hundreds digit of 1480?
4
What is the hundreds digit of 538?
5
What is the tens digit of 982?
8
What is the thousands digit of 1054?
1
What is the units digit of 50?
0
What is the hundreds digit of 63631?
6
What is the units digit of 187?
7
What is the ten thousands digit of 11035?
1
What is the units digit of 68127?
7
What is the units digit of 19765?
5
What is the hundreds digit of 225?
2
What is the thousands digit of 2304?
2
What is the units digit of 42241?
1
What is the hundreds digit of 10536?
5
What is the thousands digit of 14783?
4
What is the units digit of 32507?
7
What is the units digit of 490?
0
What is the tens digit of 30722?
2
What is the units digit of 4308?
8
What is the tens digit of 53?
5
What is the hundreds digit of 6165?
1
What is the hundreds digit of 42156?
1
What is the tens digit of 883?
8
What is the ten thousands digit of 10948?
1
What is the thousands digit of 5154?
5
What is the units digit of 3388?
8
What is the units digit of 1746?
6
What is the tens digit of 937?
3
What is the tens digit of 2821?
2
What is the units digit of 1000?
0
What is the hundreds digit of 606?
6
What is the tens digit of 2909?
0
What is the units digit of 353?
3
What is the tens digit of 2063?
6
What is the tens digit of 917?
1
What is the tens digit of 18572?
7
What is the thousands digit of 5458?
5
What is the units digit of 274?
4
What is the hundreds digit of 888?
8
What is the thousands digit of 1888?
1
What is the units digit of 10328?
8
What is the tens digit of 3902?
0
What is the units digit of 66417?
7
What is the units digit of 58246?
6
What is the tens digit of 71111?
1
What is the units digit of 13575?
5
What is the units digit of 665?
5
What is the units digit of 838?
8
What is the ten thousands digit of 19638?
1
What is the units digit of 1824?
4
What is the hundreds digit of 1613?
6
What is the tens digit of 1279?
7
What is the hundreds digit of 9504?
5
What is the units digit of 4684?
4
What is the units digit of 1178?
8
What is the tens digit of 45758?
5
What is the thousands digit of 59547?
9
What is the tens digit of 8958?
5
What is the tens digit of 22258?
5
What is the tens digit of 3325?
2
What is the hundreds digit of 1836?
8
What is the tens digit of 814?
1
What is the hundreds digit of 135?
1
What is the units digit of 111689?
9
What is the thousands digit of 65055?
5
What is the tens digit of 28869?
6
What is the units digit of 7681?
1
What is the tens digit of 1161?
6
What is the hundreds digit of 9798?
7
What is the units digit of 849?
9
What is the hundreds digit of 12701?
7
What is the thousands digit of 55368?
5
What is the hundred thousands digit of 140366?
1
What is the hundreds digit of 25036?
0
What is the thousands digit of 39100?
9
What is the hundreds digit of 5773?
7
What is the hundreds digit of 809?
8
What is the tens digit of 2765?
6
What is the units digit of 2242?
2
What is the hundreds digit of 9659?
6
What is the hundreds digit of 43025?
0
What is the tens digit of 1391?
9
What is the ten thousands digit of 19508?
1
What is the tens digit of 72?
7
What is the tens digit of 2281?
8
What is the units digit of 19393?
3
What is the units digit of 234?
4
What is the units digit of 625?
5
What is the units digit of 959?
9
What is the thousands digit of 1553?
1
What is the units digit of 347?
7
What is the thousands digit of 1026?
1
What is the units digit of 508?
8
What is the thousands digit of 2166?
2
What is the units digit of 2959?
9
What is the thousands digit of 12042?
2
What is the hundred thousands digit of 155398?
1
What is the tens digit of 718?
1
What is the units digit of 24427?
7
What is the units digit of 18883?
3
What is the thousands digit of 2311?
2
What is the tens digit of 59850?
5
What is the thousands digit of 1022?
1
What is the hundreds digit of 10483?
4
What is the units digit of 1833?
3
What is the tens digit of 3004?
0
What is the tens digit of 67678?
7
What is the ten thousands digit of 56369?
5
What is the hundreds digit of 3164?
1
What is the thousands digit of 7942?
7
What is the tens digit of 518?
1
What is the units digit of 460?
0
What is the thousands digit of 14165?
4
What is the tens digit of 87982?
8
What is the units digit of 1953?
3
What is the units digit of 9288?
8
What is the thousands digit of 2520?
2
What is the thousands digit of 1650?
1
What is the tens digit of 10813?
1
What is the units digit of 4638?
8
What is the thousands digit of 1826?
1
What is the tens digit of 16164?
6
What is the hundreds digit of 1777?
7
What is the units digit of 6067?
7
What is the hundreds digit of 28839?
8
What is the hundreds digit of 4243?
2
What is the units digit of 372?
2
What is the hundreds digit of 4675?
6
What is the hundreds digit of 11574?
5
What is the units digit of 29711?
1
What is the units digit of 675?
5
What is the thousands digit of 1447?
1
What is the ten thousands digit of 79338?
7
What is the tens digit of 24417?
1
What is the units digit of 336?
6
What is the hundreds digit of 1960?
9
What is the units digit of 84068?
8
What is the thousands digit of 2639?
2
What is the hundreds digit of 78298?
2
What is the units digit of 2535?
5
What is the tens d